when t is divided by 249?
4
Let o(y) = -12*y + 81. Suppose -15 = 213*g - 216*g. Calculate the remainder when 125 is divided by o(g).
20
Let w(p) = p**2 - 11*p + 16. Let m be w(19). Let j = 293 - m. Suppose 2*o - 63 = j. What is the remainder when o is divided by 19?
18
Let s = 129 - 44. Suppose -k + 17 + 71 = 0. Calculate the remainder when s is divided by (2/(-12) + 38/57)*k.
41
Let k(v) = 3*v**3 + v**2 + 4*v - 5. Suppose 7 = -3*z + 13. Calculate the remainder when k(z) is divided by 17.
14
Suppose -79*u + 24875 = -54*u. Let i = u + -446. What is the remainder when i is divided by 19?
17
Let k = -7576 - -7806. Calculate the remainder when k is divided by 94.
42
Suppose a = -5*q + 1678, -3*q + 4*a + 762 = -277. What is the remainder when q is divided by 20?
17
Suppose -4*s + 389 = 3*j, -3*j - 2*j = -3*s - 600. Suppose 10*p - 283 = 137. Calculate the remainder when j is divided by p.
39
Let i(p) = p**3 + 7*p**2 - 21*p - 16. Let x = -182 - -279. What is the remainder when x is divided by i(-9)?
9
Let p = 21244 + -20838. Calculate the remainder when p is divided by 30.
16
Let j = 716 - 697. What is the remainder when 454 is divided by j?
17
Suppose -166264 = -49*s - 95*s - 15352. Calculate the remainder when s is divided by 91.
47
Suppose 2*g + 2*s - 21 = -s, -3*g = -3*s + 6. Suppose 4*p + 25 = 3*p + m, g*m = p + 35. What is the remainder when 7 is divided by 3/12 + (-75)/p?
3
Suppose 63*t = 66*t - 357. Let j be 7/((-98)/t) + 1/2. Let z(b) = b**2 + 5*b + 7. Calculate the remainder when z(j) is divided by 11.
9
Suppose -5*f + 542 - 22 = 2*z, -3*f = 2*z - 316. Let n = f + -82. Let v = 25 + 72. Calculate the remainder when v is divided by n.
17
Let f = -3569 + 3629. What is the remainder when 178 is divided by f?
58
Let y(g) = 4*g + 254. Let l be y(-48). Calculate the remainder when 325 is divided by 2232/l + (-1)/((-2)/(-6)).
28
Suppose -60 = -643*a + 641*a + 2*u, 0 = -a + 3*u + 48. Let k(s) = -12*s - 3. What is the remainder when a is divided by k(-2)?
0
Suppose -10*t + 137 = -83. Calculate the remainder when 11/t*(-2 - -556) is divided by 14.
11
Let q(k) = -k + 24. Let a be q(-8). Let t be 1/(3/(a + 1)). Calculate the remainder when t - (1 + (-16)/4) is divided by 4.
2
Let u = -85 + 100. Suppose u*f - 3*f = 804. Calculate the remainder when f is divided by 12.
7
Suppose 2*a = 29*a + 17*a - 35024. Calculate the remainder when a is divided by 152.
36
Let r = 1765 - 1563. What is the remainder when 380 is divided by r?
178
Let b(t) = -t**2 - 23*t + 10. Let l = 81 + -104. Let k be b(l). Suppose 535 = k*m + 95. Calculate the remainder when m is divided by 12.
8
Suppose -6*p - 284 = -10*p. Suppose -3*u = -0*u - 78. Suppose 0 = 5*b - 3*m - 15 - 39, 2*b + m - u = 0. What is the remainder when p is divided by b?
11
Suppose 0 = -375*q + 183*q + 180*q + 648. Calculate the remainder when 118 is divided by q.
10
Let h = -5472 + 5523. What is the remainder when 347 is divided by h?
41
Let x(g) = 223 + 7*g + 30*g + 10*g - 23*g. Calculate the remainder when ((-1)/(-2))/((-1)/(-118)) is divided by x(-8).
28
Let z be -1*25 - (-11 - -16). Calculate the remainder when (-18 - 3)/(-1*(-18)/z) is divided by 9.
8
What is the remainder when (0 - 3328/(-12)) + (-10)/30 is divided by 5?
2
Suppose -6*p + 944 = -154. Calculate the remainder when p is divided by 6/(-10) + 333/5 + -4.
59
Let v = 7273 - 7260. Calculate the remainder when 14650 is divided by v.
12
Let j = -83 + 89. Suppose 3*a - 6*a + j = 0. Suppose -107 + 21 = -a*t. Calculate the remainder when 82 is divided by t.
39
Let v(d) = -d**3 - 53*d**2 - 196*d + 113. What is the remainder when 537 is divided by v(-49)?
85
Let l(p) = -p**3 + 15*p**2 + 9*p + 114. Let k = -330 - -343. Calculate the remainder when l(k) is divided by 95.
94
Suppose -5*g + 15287 = 2*u, -95*g - 5*u = -96*g + 3079. Calculate the remainder when g is divided by 17.
16
Suppose 5*x + 389 = -4*c + 3*c, -4*c = -5*x + 1556. What is the remainder when c/(-5) - (-8)/(10 + 30) is divided by 28?
22
Let n(p) = -90*p + 3293. What is the remainder when 3862 is divided by n(35)?
1
Let v = -483 - -1025. Calculate the remainder when v is divided by 52.
22
Let h = -113 + 84. Let v(f) = f**2 + 23*f - 152. What is the remainder when 503 is divided by v(h)?
19
Suppose 20*s = 32*s. Calculate the remainder when 167 is divided by (86/(-4))/(4/(-8) - s).
38
Let y = -395 + 401. What is the remainder when ((-15)/(-10))/(2/20) is divided by y?
3
Let q = -40 + 40. Suppose -2*b - 2*w - 12 = q, 2 = -2*w - 6. Calculate the remainder when 31 is divided by 13 - (-1 - (2 - b)).
13
Let h = -2316 + 2364. Calculate the remainder when 477 is divided by h.
45
Let o = 15 - -4. Suppose 3*f + x - 6*x = o, 0 = -f - x + 9. What is the remainder when 18 is divided by f?
2
Suppose -125*c + 50 = -127*c. Let s(h) = 35 + 14*h**2 + h**3 - 4*h + 11*h**2 + 2*h. Calculate the remainder when s(c) is divided by 23.
16
Let m(l) = l**3 - 4*l**2 - 3*l + 6. Suppose 0 = -6*v - 8*v - 504. What is the remainder when (135/v)/((-1)/8) is divided by m(5)?
14
Let o = -133 - -174. Let r = -751 - -853. What is the remainder when r is divided by o?
20
Let l = 41643 - 41533. What is the remainder when 26618 is divided by l?
108
Suppose 41 = -3*s - 3*t + 206, -4*s + 199 = -3*t. Calculate the remainder when s is divided by 16/(-14)*(5848/(-240) + 28/(-210)).
24
Let h(r) = -46*r + 19. Let y(j) = -23*j + 10. Let g(w) = 4*h(w) - 7*y(w). Suppose -102 + 15 = -3*t. Calculate the remainder when g(-6) is divided by t.
28
What is the remainder when 2871 is divided by (-1 + 0 - 18/8)*(11 - 63)?
167
Let s be (-8)/28*(0 + -7). Suppose -s = 2*k, k - 16 = 5*o + 2*k. What is the remainder when 20 is divided by 8 + (-9)/o + -4?
6
Let z = -6263 + 6358. What is the remainder when 199 is divided by z?
9
Let t = -7 - -20. Let z = 934 + -896. What is the remainder when z is divided by t?
12
Let d = 975 - 974. What is the remainder when 43 is divided by d?
0
Let d(l) = -3*l**3 - 68*l**2 - 351*l - 23. Let r be (6/8)/(1/(-8)). Let i = r - -20. Calculate the remainder when d(-15) is divided by i.
11
Let z = 6412 + -5584. What is the remainder when z is divided by 32?
28
Let b(u) = -1 + 9 - 1 - u. Let h be b(3). Suppose -19*f = -h*f - 255. Calculate the remainder when 31 is divided by f.
14
Suppose -292 + 2282 = 60*r - 2390. What is the remainder when 5327 is divided by r?
71
Let q = -2 - -2. Let i be q/(4/1) - 37. Let v = i - -41. Calculate the remainder when 9 is divided by v.
1
Suppose 349 = 5*p + 49. Suppose 0 = -4*r - 5*s + 10, -5*r - 6*s + 3*s + 6 = 0. Suppose 12*g - 15*g + 63 = r. What is the remainder when p is divided by g?
18
Let b be (1 - 5) + (17 - 154) + -2. Let m = b - -133. What is the remainder when m*-2*185/20 is divided by 31?
30
Suppose -32966 - 6339 - 11986 = -369*q. Calculate the remainder when 14591 is divided by q.
135
Let n = -222 - -223. Suppose u = n + 54. Calculate the remainder when u is divided by 15.
10
Let a(z) = -48*z + 1. Calculate the remainder when a(-2) is divided by ((-171)/(-15))/(504/1680) + -16.
9
Let t(k) = 37*k**2 + 40*k + 93. What is the remainder when 539 is divided by t(-2)?
56
Suppose 3*l - 35 + 20 = 0. Suppose 0*z = -4*z + 5*i + 126, l*z + 2*i - 141 = 0. What is the remainder when (-74)/(-2)*(11 + 0 + -8) is divided by z?
24
Calculate the remainder when 17095 is divided by (35 + -15 - 19)/(3/249).
80
Suppose -78 + 24 = -9*t. Calculate the remainder when ((-62)/(-5))/(t - 472/80) is divided by 1*(-1*1 - -44).
38
Let w = -45 - -51. Suppose 4*k = -w*k + 60. Let z = -26 - -41. Calculate the remainder when z is divided by k.
3
Let r(v) = -v**3 + 5*v**2 + 3*v - 20. Let m be r(5). Let k(j) = -11*j - 16. What is the remainder when k(m) is divided by 4/(4/14*1)?
11
Let k(d) = -d**3 - 74*d**2 + 39*d - 124. What is the remainder when k(-75) is divided by 427?
14
Let f = -21091 + 21279. What is the remainder when 2439 is divided by f?
183
Let u(k) = -13*k - 62. Let z be u(-6). Suppose -11*m - 75 = -z*m. Suppose 5*d = 5, 3*t - 2*d - 13 = -3. Calculate the remainder when m is divided by t.
3
Let l(k) = 31*k - 119. Let s be l(8). What is the remainder when 425 is divided by (-92)/69*s/(-2)?
81
What is the remainder when (-1*(1 - 0/3))/((-63)/28287) is divided by 164?
121
Let p(f) = -2*f**2 - 11*f + 35. Le